units digit of z?
3
Suppose 3*r - m - 141 - 1723 = 0, 5*r + 3*m - 3102 = 0. What is the units digit of r?
1
What is the hundreds digit of ((-63)/(-6))/(6/660)?
1
Let s = -16 - -12. Let z be (0 - s)/(3/(-6)). Let m(p) = p + 11. What is the units digit of m(z)?
3
Let p = -46 + 37. What is the units digit of ((-3)/p)/(-1) - (-1120)/21?
3
What is the units digit of 0 + -2 + 148 + -9 + 8?
5
Suppose y + 90 = -w - 80, 4*w - 3*y + 652 = 0. Let u = 259 + w. What is the units digit of u?
3
Suppose 4*c + 12 = -20. What is the units digit of 3040/70 - c/14?
4
Let w(s) = 6*s**2 + 3*s + 2. Let y be w(-3). Let f = y - 43. What is the units digit of f?
4
Suppose 2*v + 25 = -3*v. Let d(i) = -14*i - 6. What is the tens digit of d(v)?
6
Suppose 5*t = 2*h - 41, -4*h = 2*t - h + 24. Let l be (t/(-6))/((-2)/8). Let b = l - -18. What is the units digit of b?
2
Suppose s = 5*y + 40, -4*s + 196 = -0*s - 2*y. Suppose 0 = l - 3 + 1. Suppose -l*f + 0*f + 3*k = -s, -4*f - 5*k = -78. What is the tens digit of f?
2
Suppose 0 = 3*p + u + 10, 5*p + 2*u + 3*u = 0. Let g be p - -5 - (-4 - 1). Suppose 0 = h + 5, -g*w + 2*h = 23 - 163. What is the tens digit of w?
2
Let x be (1 - (-9)/(-4))*-4. Suppose -4*a = -w + a - 1, 4*w + 49 = x*a. What is the tens digit of (-5 + -4)*w/6?
2
Let s(h) = -5*h**2 + 9*h + 15. Let y(o) = o**2 + 2 - 3 - 2 + 2. Let l(b) = s(b) + 4*y(b). What is the tens digit of l(8)?
1
Let y(p) = -16*p**3 - 2*p - 2. Let o be y(-2). Suppose 7*t - o = 2*t. Let m = 35 + t. What is the tens digit of m?
6
Let k = 32 - 32. Suppose k*y - 440 = -5*y. What is the tens digit of y?
8
Suppose 3*a = -5*n + 7566, -85*n + 4533 = -82*n + 4*a. What is the thousands digit of n?
1
What is the tens digit of ((-1305)/(-6))/5 + 44/(-88)?
4
Let s = -23 + 74. Suppose s = -4*n + 3. What is the tens digit of (n/9)/(1/(-27))?
3
Let h(p) be the first derivative of p**5/40 - 7*p**4/12 - 13*p**3/3 + 9. Let w(b) be the third derivative of h(b). What is the units digit of w(10)?
6
Suppose -b + 5*b = q + 24, b - 3*q = 6. Let w(m) = -7*m**2 + 2 - 3*m**3 + 7*m + 2*m**3 + 2*m**3. What is the units digit of w(b)?
8
Let q(f) = -4*f**3 - 9*f**2 - 8*f + 29. What is the tens digit of q(-6)?
1
Let d(x) = x**2 + 26*x + 45. What is the units digit of d(-30)?
5
What is the units digit of 682 - (6 - 16) - 6?
6
Let o = 1568 - -2195. What is the hundreds digit of o?
7
What is the tens digit of -1*(3213/6)/(3/(-6))?
7
Suppose -12 = -d - 3*z, z = -5*d - 3*z + 27. Let u(w) = -w**3 + 2*w**2 + 7*w - 2. What is the units digit of u(d)?
0
Suppose 9*s - 2610 = 1917. Suppose 0*f - 4*f + s = 5*i, 665 = 5*f - i. What is the units digit of f?
2
Let b be ((-3)/9)/(2*4/(-96)). What is the units digit of 11/(11/516)*b/12?
2
Let q(b) be the third derivative of b**5/20 - b**4/24 + b**3/6 - 41*b**2. Let m(p) = p**3 + 3*p**2 - p. Let t be m(-3). What is the units digit of q(t)?
5
Let f be 2/(-14) - (-82)/(-14). Let r be -6*(14/f - -2). Suppose r*s - 13 - 7 = 0. What is the tens digit of s?
1
Let i(s) be the second derivative of 11*s**3/6 - 43*s**2/2 - s. What is the tens digit of i(11)?
7
Suppose 4*o + 1 = -2*d + 5, -o = -5*d + 21. Suppose -d*g - 4 = -0*g, 2*m - 41 = -5*g. What is the units digit of m?
3
Let m(t) = 5*t + 14. Let v(p) = -5*p + 16. Let h be v(0). What is the tens digit of m(h)?
9
Suppose -18 = 7*t - 46. Suppose -5*x + 4*h + 108 = 0, 4*h + 60 = t*x - 24. Suppose -x = 2*u - 94. What is the tens digit of u?
3
Let g(f) = 15*f**2 + 13*f + 10. What is the tens digit of g(6)?
2
Suppose 2*s = 5*f - 19214, -5*s + 2*f - 48001 = -2*f. What is the tens digit of s/(-28) + 3/12?
4
Let w(s) = 111*s**2 + 42*s - 131. What is the hundreds digit of w(5)?
8
Suppose -8*r - 609 = -15*r. What is the tens digit of r?
8
Suppose n = l - 78, -2*l - 2*l + 3*n + 309 = 0. Suppose 97 = l*h - 74*h. What is the units digit of h?
7
Let c = 4 - 0. Suppose 2*o + 0*o = c. Suppose -41 + 140 = 4*t + 3*l, 4*t + o*l = 98. What is the tens digit of t?
2
Suppose -2*b + 3*l - 10 = 0, -3*l - l = -3*b - 14. Let g = b - -6. Suppose -g*z + 111 = -z. What is the tens digit of z?
3
Let f(q) = -q**3 - 9*q**2 - 12*q - 103. What is the hundreds digit of f(-10)?
1
Let g be 10/(-2) - -2 - 9. What is the tens digit of g/(490/125 - 4)?
5
Let b(p) = 2*p**3 + 7*p**2 + 4*p - 41. What is the units digit of b(6)?
7
Let o be (-4)/12 + 11/(-3). Let z be (2/o)/((-6)/84). Suppose -4*p + z*p - 131 = -4*q, 5*q = 5*p - 195. What is the tens digit of p?
4
Let o be (4/10 + 102/(-30))*-136. Suppose 3*z - 6*z + 3 = 0, o = 4*f - 4*z. What is the hundreds digit of f?
1
Let z(w) = w**2 - 10*w - 5. Let c be (-4 + -1)*(-22)/10. Let q be z(c). Suppose q*y - 25 = y. What is the units digit of y?
5
Let y(t) = 9*t + 35. Let l be y(-4). What is the units digit of 11*11 + l + 5 + 0?
5
Suppose -747 = -3*h - 2*w, 0 = -3*h - 3*w + 539 + 208. What is the tens digit of h?
4
Suppose 788 + 622 = 2*n + 5*p, -3*p = -2*n + 1410. What is the hundreds digit of n?
7
Let z = 27 + -21. Suppose -q = -z*q. Suppose 0*o + 2*o = -4*s + 260, 2*s - 4*o - 110 = q. What is the units digit of s?
3
Suppose 0 = -2*a + a - 598. Let i be a/(-18) + 10/(-45). Let p = 54 - i. What is the units digit of p?
1
Suppose a = 5, -3*a + 1740 - 321 = 2*v. What is the units digit of v?
2
Let m = 2159 - -5. What is the hundreds digit of m?
1
Let m(v) = 1442*v + 69. What is the units digit of m(1)?
1
Suppose -2*q + 3*q = 0. Let c be 6 - (-2 - q - -3). Suppose 4*j - 29 = -c*t, -3*j + 35 + 1 = -t. What is the units digit of j?
1
What is the units digit of 0 + 741 - (19 - 15)?
7
Suppose -h = -3*d + 25 + 1, 0 = -3*d - 5*h + 14. What is the units digit of d?
8
Let m(k) = k**2 + k + 5. Let y be m(0). Suppose 0*c + 125 = y*c. Suppose -4*b - 16 = 0, -i + 0*b + c = -5*b. What is the units digit of i?
5
Suppose 3627*u = 3614*u + 35698. What is the units digit of u?
6
Let y(t) = -2*t**2 - 13*t - 4. Let j be y(-5). Suppose v - 78 = -c + j, -3*v - 255 = -3*c. What is the tens digit of c?
8
Let c be (2 + (-20)/6)*9/(-6). Let a = 63 - c. What is the tens digit of a?
6
Let p(l) = -l - 14. Let a be p(-6). What is the units digit of (a/12)/((-8)/996)?
3
Let w = 2748 + 3796. What is the hundreds digit of (-2)/(-14) - 7/((-392)/w)?
1
Let z = 88 - -177. Suppose -2 = -l + 4. Suppose -l*y = -y - z. What is the units digit of y?
3
Let v(r) = r**3 - 5*r**2 + 6*r - 15. Let q be -3*(-4)/(-12) - -8. What is the units digit of v(q)?
5
Let f = 83 - 44. Suppose 4*h = -5*z - f, -2*h + 3*z - 19 - 6 = 0. Let r(a) = -a**3 - 10*a**2 + 10*a. What is the tens digit of r(h)?
1
Let m(x) = -4*x + 5. Let f be m(2). What is the units digit of 212 - (4 + (f - 6))?
7
Suppose 3*q + 2*l - 8 = 0, -4*q + 9*q - 10 = -5*l. Suppose -3*i + q*i - 32 = 0. What is the units digit of i?
2
Let d be -6*(-2)/3 - 0. Suppose 0 = -d*r - 0*v - 2*v + 34, -2*v = -5*r + 38. Suppose -2*l = -30 - r. What is the units digit of l?
9
Suppose 3*l + 188 = -l + 4*s, l + 53 = 3*s. Let n = l + 58. What is the units digit of n?
4
What is the units digit of 1/(-9) - 2126/(-18)?
8
Let x(n) = 2*n**2 + 14*n + 10. Suppose -4*b - 11 = 17. Let y be (2 + 2 - 3)*b. What is the tens digit of x(y)?
1
Suppose -q - 38 = -362. What is the units digit of q?
4
Let i = -97 + 205. What is the tens digit of 6/(-2) - (10 - i)?
9
Let w be ((-2)/((-4)/2))/(10/20). Suppose -3*q + 193 = -w*q. What is the hundreds digit of q?
1
Suppose 0*g = -g - 5*y + 30, -5*g + 40 = 3*y. Suppose -g*m = -m - 3*i - 420, 0 = 5*m - 4*i - 524. What is the hundreds digit of m?
1
Let x(o) = o**3 - 30*o**2 - 26*o + 73. What is the units digit of x(31)?
8
Let d = -19 + 11. Let a be (-12 - d)*1/(-2). Suppose 10 = o + 2*p - 7, -91 = -3*o + a*p. What is the units digit of o?
7
Let m(u) = -12*u**2 - 2*u + 1. Let y be m(1). Let c = -11 - y. Suppose c*p + 2*l = 6, -p + 2*l = l - 11. What is the units digit of p?
7
What is the units digit of ((-2)/1)/(2/(-304))?
4
Let m be 2/(-11) - (-2124)/66. Suppose s + m = i, 2*s = -0 - 4. Let z = i - 10. What is the units digit of z?
0
Let m be 5*((-27)/(-15) - 0). Let w = 9 - m. Suppose w = -3*k + 6*k - 21. What is the units digit of k?
7
Suppose -2*q = 3*n + 4, -q = -3*n + 4*q + 31. Suppose -4*b + n*z - 280 = -6*b, 286 = 2*b - 4*z. What is the hundreds digit of b?
1
Let f = -11 - -52. Let z = f - 16. Suppose -i + 32 = k - z, 0 